{"id":2,"date":"2019-09-11T12:58:50","date_gmt":"2019-09-11T10:58:50","guid":{"rendered":"http:\/\/caroulepournous.be\/?page_id=2"},"modified":"2021-02-26T14:30:20","modified_gmt":"2021-02-26T13:30:20","slug":"notre-famille","status":"publish","type":"page","link":"https:\/\/caroulepournous.be\/?page_id=2","title":{"rendered":"Notre famille"},"content":{"rendered":"\n<p class=\"has-text-align-left\">Nous sommes une famille belge compos\u00e9e d&rsquo;un papa, d&rsquo;une maman et de deux gar\u00e7ons qui auront 4 et 2 ans au moment du d\u00e9part en juillet 2020. Au quotidien nous aimons rigoler (beaucoup), danser (sur de la bonne musique), chanter (\u00e0 tue-t\u00eate ou pour nous endormir) et cuisiner (surtout des cr\u00eapes et des mousses au chocolat) ensemble. Nous adorons tous les 4 lire et raconter des histoires. On est heureux lorsqu&rsquo;on passe du temps avec nos familles et nos amis, et aussi lorsqu&rsquo;on se retrouve juste \u00e0 nous 4 :-).<\/p>\n\n\n\n<p>Nous partons voyager \u00e0 v\u00e9lo pour une longue dur\u00e9e, guid\u00e9s par un brin de folie, des r\u00eaves grands jusqu&rsquo;au ciel, et beaucoup d&rsquo;amour.<\/p>\n\n\n\n<p>Voici une petite pr\u00e9sentation de chaque membre de notre \u00e9quipage:<\/p>\n\n\n\n<h3 class=\"has-text-align-right wp-block-heading\">Emile<\/h3>\n\n\n\n<div class=\"wp-block-media-text alignwide has-media-on-the-right\" style=\"grid-template-columns:auto 38%\"><figure class=\"wp-block-media-text__media\"><img decoding=\"async\" loading=\"lazy\" width=\"617\" height=\"1024\" src=\"http:\/\/caroulepournous.be\/wp-content\/uploads\/2019\/11\/IMG-20190617-WA0025-e1573824063200-617x1024.jpg\" alt=\"\" class=\"wp-image-250\"\/><\/figure><div class=\"wp-block-media-text__content\">\n<p style=\"font-size:15px\">Des joues \u00e0 bisous, des yeux rieurs et farceurs et une d\u00e9marche bien \u00e0 lui, voici notre plus jeune membre de la famille. Du haut de ses un an et demi, il sait bien ce qu&rsquo;il veut et se fait comprendre sans probl\u00e8mes dans toutes les langues (puisque la parole ne semble pas \u00eatre son moyen de communication pr\u00e9f\u00e9r\u00e9 pour le moment). Intr\u00e9pide et curieux, il compte d\u00e9j\u00e0 un grand nombre de bosses et bobos \u00e0 son actif. Durant ce voyage, Emile nous procurera (fous)rires et sourires car c&rsquo;est un vrai rayon de soleil. Un rayon de soleil qui a souvent faim aussi, et qui sait se transformer en ouragan lorsqu&rsquo;il n&rsquo;a pas d&rsquo;aliments sous la dent assez rapidement. Vous voil\u00e0 avertis, et nous aussi ;-).<\/p>\n<\/div><\/div>\n\n\n\n<h3 class=\"wp-block-heading\">Arthus<\/h3>\n\n\n\n<div class=\"wp-block-media-text alignwide\" style=\"grid-template-columns:38% auto\"><figure class=\"wp-block-media-text__media\"><img decoding=\"async\" loading=\"lazy\" width=\"620\" height=\"1024\" src=\"http:\/\/caroulepournous.be\/wp-content\/uploads\/2019\/11\/20190927_1532230-e1573824197171-620x1024.jpg\" alt=\"\" class=\"wp-image-249\" srcset=\"https:\/\/caroulepournous.be\/wp-content\/uploads\/2019\/11\/20190927_1532230-e1573824197171-620x1024.jpg 620w, https:\/\/caroulepournous.be\/wp-content\/uploads\/2019\/11\/20190927_1532230-e1573824197171-182x300.jpg 182w, https:\/\/caroulepournous.be\/wp-content\/uploads\/2019\/11\/20190927_1532230-e1573824197171-768x1268.jpg 768w, https:\/\/caroulepournous.be\/wp-content\/uploads\/2019\/11\/20190927_1532230-e1573824197171-300x495.jpg 300w, https:\/\/caroulepournous.be\/wp-content\/uploads\/2019\/11\/20190927_1532230-e1573824197171-850x1403.jpg 850w, https:\/\/caroulepournous.be\/wp-content\/uploads\/2019\/11\/20190927_1532230-e1573824197171.jpg 1319w\" sizes=\"(max-width: 620px) 100vw, 620px\" \/><\/figure><div class=\"wp-block-media-text__content\">\n<p style=\"font-size:15px\">Un sourire espi\u00e8gle, des yeux doux et profonds et une grande soif d&rsquo;apprendre, voici le plus grand des deux fr\u00e9rots. A 3 ans et demi, il s&rsquo;int\u00e9resse et pose des questions sur tout ce qu&rsquo;il voit (\u00ab\u00a0Et pourquoi? Et pourquoi? Et pourquoiiiii?\u00a0\u00bb). Dot\u00e9 d&rsquo;une grande sensibilit\u00e9, c&rsquo;est notre c\u0153ur de beurre. Lorsqu&rsquo;on se sent tout raplapla, il est l\u00e0 pour vous prendre dans les bras. Et quand chez lui \u00e7a ne va pas, il se met dans tous ses \u00e9tats. Normal, puisque les \u00e9motions chez lui, c&rsquo;est fort. Il adore d&rsquo;ailleurs les nommer et faire le bilan de sa journ\u00e9e (qui est toujours le m\u00eame, \u00e0 savoir tr\u00e8\u00e8\u00e8\u00e8\u00e8\u00e8s bien). En voyage, Arthus sera l\u00e0 pour analyser ce qui nous \u00e9chappe, retenir les d\u00e9tails que personne n&rsquo;aura remarqu\u00e9, et nous rappeler ce que nous aurons oubli\u00e9. De plus, il sera le bras droit de son papa, toujours pr\u00eat \u00e0 donner un coup de main pour monter la tente, cuisiner ou bricoler sur les v\u00e9los.<\/p>\n<\/div><\/div>\n\n\n\n<h3 class=\"wp-block-heading\"><\/h3>\n\n\n\n<h3 class=\"has-text-align-right wp-block-heading\">Valentine<\/h3>\n\n\n\n<div class=\"wp-block-media-text alignwide has-media-on-the-right\" style=\"grid-template-columns:auto 46%\"><figure class=\"wp-block-media-text__media\"><img decoding=\"async\" loading=\"lazy\" width=\"778\" height=\"1024\" src=\"http:\/\/caroulepournous.be\/wp-content\/uploads\/2019\/11\/DSC06874-e1573822799547-778x1024.jpg\" alt=\"\" class=\"wp-image-244\" srcset=\"https:\/\/caroulepournous.be\/wp-content\/uploads\/2019\/11\/DSC06874-e1573822799547-778x1024.jpg 778w, https:\/\/caroulepournous.be\/wp-content\/uploads\/2019\/11\/DSC06874-e1573822799547-228x300.jpg 228w, https:\/\/caroulepournous.be\/wp-content\/uploads\/2019\/11\/DSC06874-e1573822799547-768x1011.jpg 768w, https:\/\/caroulepournous.be\/wp-content\/uploads\/2019\/11\/DSC06874-e1573822799547-300x395.jpg 300w, https:\/\/caroulepournous.be\/wp-content\/uploads\/2019\/11\/DSC06874-e1573822799547-850x1119.jpg 850w\" sizes=\"(max-width: 778px) 100vw, 778px\" \/><\/figure><div class=\"wp-block-media-text__content\">\n<p style=\"font-size:15px\">Grande en taille et en c\u0153ur, avec un sourire communicatif et une langue (polyglotte) bien pendue, voici la maman de la famille. C&rsquo;est une vraie maman-louve, toujours attentive au bien-\u00eatre de ses petits louveteaux. A c\u00f4t\u00e9 de cela, c&rsquo;est aussi une sportive \u00e0 ses heures perdues (avec un coup de c\u0153ur particulier pour le triathlon). En voyage, Valentine sera comme \u00e0 la maison: celle qui pense toujours \u00e0 tout (et \u00e0 tout le monde) mais apprend \u00e0 ses enfants et son homme (et \u00e0 elle-m\u00eame bien s\u00fbr) \u00e0 ne penser \u00e0 rien :). Elle se r\u00e9jouit de pouvoir pratiquer du yoga et de la m\u00e9ditation en famille, et de passer beaucoup de temps dehors, au contact de la nature. C&rsquo;est aussi l&rsquo;organisatrice de ce voyage, qui g\u00e8re les aspects administratifs-logistiques-m\u00e9dicaux-r\u00e9cr\u00e9atifs, noue les contacts et anticipe les besoins de chacun. Une maman quoi ;-).<\/p>\n<\/div><\/div>\n\n\n\n<h3 class=\"wp-block-heading\"><\/h3>\n\n\n\n<h3 class=\"wp-block-heading\">Vincent<\/h3>\n\n\n\n<div class=\"wp-block-media-text alignwide\"><figure class=\"wp-block-media-text__media\"><img decoding=\"async\" loading=\"lazy\" width=\"733\" height=\"1024\" src=\"http:\/\/caroulepournous.be\/wp-content\/uploads\/2019\/11\/DSC00267-e1574413688855-733x1024.jpg\" alt=\"\" class=\"wp-image-264\" srcset=\"https:\/\/caroulepournous.be\/wp-content\/uploads\/2019\/11\/DSC00267-e1574413688855-733x1024.jpg 733w, https:\/\/caroulepournous.be\/wp-content\/uploads\/2019\/11\/DSC00267-e1574413688855-215x300.jpg 215w, https:\/\/caroulepournous.be\/wp-content\/uploads\/2019\/11\/DSC00267-e1574413688855-768x1073.jpg 768w, https:\/\/caroulepournous.be\/wp-content\/uploads\/2019\/11\/DSC00267-e1574413688855-300x419.jpg 300w, https:\/\/caroulepournous.be\/wp-content\/uploads\/2019\/11\/DSC00267-e1574413688855-850x1187.jpg 850w, https:\/\/caroulepournous.be\/wp-content\/uploads\/2019\/11\/DSC00267-e1574413688855.jpg 1936w\" sizes=\"(max-width: 733px) 100vw, 733px\" \/><\/figure><div class=\"wp-block-media-text__content\">\n<p style=\"font-size:15px\"> Avec son allure d&rsquo;\u00e9ternel jeune scout et le coeur sur la main, toujours \u00ab\u00a0pr\u00eat\u00a0\u00bb (\u00e0 rendre service, \u00e0 partir \u00e0 l&rsquo;aventure, \u00e0 trouver des solutions aux probl\u00e8mes rencontr\u00e9s), voici le papa de la famille. Discret et efficace, il vit au jour le jour, sans se poser trop de questions. S&rsquo;il n&rsquo;aime pas pr\u00e9voir les choses, c&rsquo;est parce qu&rsquo;il ne sait pas choisir (car c&rsquo;est bien connu, \u00ab\u00a0choisir, c&rsquo;est renoncer\u00a0\u00bb). Vincent sera le roc de toute la famille durant ce voyage, sur lequel il sera bon de s&rsquo;appuyer en cas de difficult\u00e9s. Math\u00e9maticien, il adore r\u00e9fl\u00e9chir. C&rsquo;est lui qui entretiendra nos v\u00e9los, nous guidera sur le bon itin\u00e9raire et sera le ma\u00eetre de l&rsquo;installation du campement (et de la cuisine, on l&rsquo;avoue \ud83d\ude42 ). En bref, c&rsquo;est l&rsquo;homme qui sait tout faire et qui est (presque) tout le temps d&rsquo;accord. Le r\u00eave en somme :-).<\/p>\n<\/div><\/div>\n","protected":false},"excerpt":{"rendered":"<p>Nous sommes une famille belge compos\u00e9e d&rsquo;un papa, d&rsquo;une maman et de deux gar\u00e7ons qui auront 4 et 2 ans au moment du d\u00e9part en juillet 2020. Au quotidien nous aimons rigoler (beaucoup), danser (sur de la bonne musique), chanter (\u00e0 tue-t\u00eate ou pour nous endormir) et cuisiner (surtout des cr\u00eapes et des mousses au&#8230;<\/p>\n","protected":false},"author":2,"featured_media":0,"parent":0,"menu_order":0,"comment_status":"closed","ping_status":"closed","template":"","meta":{"ngg_post_thumbnail":0,"footnotes":""},"jetpack_sharing_enabled":true,"_links":{"self":[{"href":"https:\/\/caroulepournous.be\/index.php?rest_route=\/wp\/v2\/pages\/2"}],"collection":[{"href":"https:\/\/caroulepournous.be\/index.php?rest_route=\/wp\/v2\/pages"}],"about":[{"href":"https:\/\/caroulepournous.be\/index.php?rest_route=\/wp\/v2\/types\/page"}],"author":[{"embeddable":true,"href":"https:\/\/caroulepournous.be\/index.php?rest_route=\/wp\/v2\/users\/2"}],"replies":[{"embeddable":true,"href":"https:\/\/caroulepournous.be\/index.php?rest_route=%2Fwp%2Fv2%2Fcomments&post=2"}],"version-history":[{"count":32,"href":"https:\/\/caroulepournous.be\/index.php?rest_route=\/wp\/v2\/pages\/2\/revisions"}],"predecessor-version":[{"id":1633,"href":"https:\/\/caroulepournous.be\/index.php?rest_route=\/wp\/v2\/pages\/2\/revisions\/1633"}],"wp:attachment":[{"href":"https:\/\/caroulepournous.be\/index.php?rest_route=%2Fwp%2Fv2%2Fmedia&parent=2"}],"curies":[{"name":"wp","href":"https:\/\/api.w.org\/{rel}","templated":true}]}}

<p class="has-text-align-left">Nous sommes une famille belge composée d&rsquo;un papa, d&rsquo;une maman et de deux garçons qui auront 4 et 2 ans au moment du départ en juillet 2020. Au quotidien nous aimons rigoler (beaucoup), danser (sur de la bonne musique), chanter (à tue-tête ou pour nous endormir) et cuisiner (surtout des crêpes et des mousses au chocolat) ensemble. Nous adorons tous les 4 lire et raconter des histoires. On est heureux lorsqu&rsquo;on passe du temps avec nos familles et nos amis, et aussi lorsqu&rsquo;on se retrouve juste à nous 4 :-).</p>



<p>Nous partons voyager à vélo pour une longue durée, guidés par un brin de folie, des rêves grands jusqu&rsquo;au ciel, et beaucoup d&rsquo;amour.</p>



<p>Voici une petite présentation de chaque membre de notre équipage:</p>



<h3 class="has-text-align-right wp-block-heading">Emile</h3>



<div class="wp-block-media-text alignwide has-media-on-the-right" style="grid-template-columns:auto 38%"><figure class="wp-block-media-text__media"><img decoding="async" loading="lazy" width="617" height="1024" src="http://caroulepournous.be/wp-content/uploads/2019/11/IMG-20190617-WA0025-e1573824063200-617x1024.jpg" alt="" class="wp-image-250"/></figure><div class="wp-block-media-text__content">
<p style="font-size:15px">Des joues à bisous, des yeux rieurs et farceurs et une démarche bien à lui, voici notre plus jeune membre de la famille. Du haut de ses un an et demi, il sait bien ce qu&rsquo;il veut et se fait comprendre sans problèmes dans toutes les langues (puisque la parole ne semble pas être son moyen de communication préféré pour le moment). Intrépide et curieux, il compte déjà un grand nombre de bosses et bobos à son actif. Durant ce voyage, Emile nous procurera (fous)rires et sourires car c&rsquo;est un vrai rayon de soleil. Un rayon de soleil qui a souvent faim aussi, et qui sait se transformer en ouragan lorsqu&rsquo;il n&rsquo;a pas d&rsquo;aliments sous la dent assez rapidement. Vous voilà avertis, et nous aussi ;-).</p>
</div></div>



<h3 class="wp-block-heading">Arthus</h3>



<div class="wp-block-media-text alignwide" style="grid-template-columns:38% auto"><figure class="wp-block-media-text__media"><img decoding="async" loading="lazy" width="620" height="1024" src="http://caroulepournous.be/wp-content/uploads/2019/11/20190927_1532230-e1573824197171-620x1024.jpg" alt="" class="wp-image-249" srcset="https://caroulepournous.be/wp-content/uploads/2019/11/20190927_1532230-e1573824197171-620x1024.jpg 620w, https://caroulepournous.be/wp-content/uploads/2019/11/20190927_1532230-e1573824197171-182x300.jpg 182w, https://caroulepournous.be/wp-content/uploads/2019/11/20190927_1532230-e1573824197171-768x1268.jpg 768w, https://caroulepournous.be/wp-content/uploads/2019/11/20190927_1532230-e1573824197171-300x495.jpg 300w, https://caroulepournous.be/wp-content/uploads/2019/11/20190927_1532230-e1573824197171-850x1403.jpg 850w, https://caroulepournous.be/wp-content/uploads/2019/11/20190927_1532230-e1573824197171.jpg 1319w" sizes="(max-width: 620px) 100vw, 620px" /></figure><div class="wp-block-media-text__content">
<p style="font-size:15px">Un sourire espiègle, des yeux doux et profonds et une grande soif d&rsquo;apprendre, voici le plus grand des deux frérots. A 3 ans et demi, il s&rsquo;intéresse et pose des questions sur tout ce qu&rsquo;il voit (« Et pourquoi? Et pourquoi? Et pourquoiiiii? »). Doté d&rsquo;une grande sensibilité, c&rsquo;est notre cœur de beurre. Lorsqu&rsquo;on se sent tout raplapla, il est là pour vous prendre dans les bras. Et quand chez lui ça ne va pas, il se met dans tous ses états. Normal, puisque les émotions chez lui, c&rsquo;est fort. Il adore d&rsquo;ailleurs les nommer et faire le bilan de sa journée (qui est toujours le même, à savoir trèèèèèès bien). En voyage, Arthus sera là pour analyser ce qui nous échappe, retenir les détails que personne n&rsquo;aura remarqué, et nous rappeler ce que nous aurons oublié. De plus, il sera le bras droit de son papa, toujours prêt à donner un coup de main pour monter la tente, cuisiner ou bricoler sur les vélos.</p>
</div></div>



<h3 class="wp-block-heading"></h3>



<h3 class="has-text-align-right wp-block-heading">Valentine</h3>



<div class="wp-block-media-text alignwide has-media-on-the-right" style="grid-template-columns:auto 46%"><figure class="wp-block-media-text__media"><img decoding="async" loading="lazy" width="778" height="1024" src="http://caroulepournous.be/wp-content/uploads/2019/11/DSC06874-e1573822799547-778x1024.jpg" alt="" class="wp-image-244" srcset="https://caroulepournous.be/wp-content/uploads/2019/11/DSC06874-e1573822799547-778x1024.jpg 778w, https://caroulepournous.be/wp-content/uploads/2019/11/DSC06874-e1573822799547-228x300.jpg 228w, https://caroulepournous.be/wp-content/uploads/2019/11/DSC06874-e1573822799547-768x1011.jpg 768w, https://caroulepournous.be/wp-content/uploads/2019/11/DSC06874-e1573822799547-300x395.jpg 300w, https://caroulepournous.be/wp-content/uploads/2019/11/DSC06874-e1573822799547-850x1119.jpg 850w" sizes="(max-width: 778px) 100vw, 778px" /></figure><div class="wp-block-media-text__content">
<p style="font-size:15px">Grande en taille et en cœur, avec un sourire communicatif et une langue (polyglotte) bien pendue, voici la maman de la famille. C&rsquo;est une vraie maman-louve, toujours attentive au bien-être de ses petits louveteaux. A côté de cela, c&rsquo;est aussi une sportive à ses heures perdues (avec un coup de cœur particulier pour le triathlon). En voyage, Valentine sera comme à la maison: celle qui pense toujours à tout (et à tout le monde) mais apprend à ses enfants et son homme (et à elle-même bien sûr) à ne penser à rien :). Elle se réjouit de pouvoir pratiquer du yoga et de la méditation en famille, et de passer beaucoup de temps dehors, au contact de la nature. C&rsquo;est aussi l&rsquo;organisatrice de ce voyage, qui gère les aspects administratifs-logistiques-médicaux-récréatifs, noue les contacts et anticipe les besoins de chacun. Une maman quoi ;-).</p>
</div></div>



<h3 class="wp-block-heading"></h3>



<h3 class="wp-block-heading">Vincent</h3>



<div class="wp-block-media-text alignwide"><figure class="wp-block-media-text__media"><img decoding="async" loading="lazy" width="733" height="1024" src="http://caroulepournous.be/wp-content/uploads/2019/11/DSC00267-e1574413688855-733x1024.jpg" alt="" class="wp-image-264" srcset="https://caroulepournous.be/wp-content/uploads/2019/11/DSC00267-e1574413688855-733x1024.jpg 733w, https://caroulepournous.be/wp-content/uploads/2019/11/DSC00267-e1574413688855-215x300.jpg 215w, https://caroulepournous.be/wp-content/uploads/2019/11/DSC00267-e1574413688855-768x1073.jpg 768w, https://caroulepournous.be/wp-content/uploads/2019/11/DSC00267-e1574413688855-300x419.jpg 300w, https://caroulepournous.be/wp-content/uploads/2019/11/DSC00267-e1574413688855-850x1187.jpg 850w, https://caroulepournous.be/wp-content/uploads/2019/11/DSC00267-e1574413688855.jpg 1936w" sizes="(max-width: 733px) 100vw, 733px" /></figure><div class="wp-block-media-text__content">
<p style="font-size:15px"> Avec son allure d&rsquo;éternel jeune scout et le coeur sur la main, toujours « prêt » (à rendre service, à partir à l&rsquo;aventure, à trouver des solutions aux problèmes rencontrés), voici le papa de la famille. Discret et efficace, il vit au jour le jour, sans se poser trop de questions. S&rsquo;il n&rsquo;aime pas prévoir les choses, c&rsquo;est parce qu&rsquo;il ne sait pas choisir (car c&rsquo;est bien connu, « choisir, c&rsquo;est renoncer »). Vincent sera le roc de toute la famille durant ce voyage, sur lequel il sera bon de s&rsquo;appuyer en cas de difficultés. Mathématicien, il adore réfléchir. C&rsquo;est lui qui entretiendra nos vélos, nous guidera sur le bon itinéraire et sera le maître de l&rsquo;installation du campement (et de la cuisine, on l&rsquo;avoue 🙂 ). En bref, c&rsquo;est l&rsquo;homme qui sait tout faire et qui est (presque) tout le temps d&rsquo;accord. Le rêve en somme :-).</p>
</div></div>

<p>Nous sommes une famille belge composée d&rsquo;un papa, d&rsquo;une maman et de deux garçons qui auront 4 et 2 ans au moment du départ en juillet 2020. Au quotidien nous aimons rigoler (beaucoup), danser (sur de la bonne musique), chanter (à tue-tête ou pour nous endormir) et cuisiner (surtout des crêpes et des mousses au&#8230;</p>
