{"id":427,"date":"2020-02-01T19:07:24","date_gmt":"2020-02-01T18:07:24","guid":{"rendered":"http:\/\/caroulepournous.be\/?page_id=427"},"modified":"2020-06-04T15:11:25","modified_gmt":"2020-06-04T13:11:25","slug":"le-budget","status":"publish","type":"page","link":"https:\/\/caroulepournous.be\/?page_id=427","title":{"rendered":"Le budget"},"content":{"rendered":"\n<p>Nous pr\u00e9voyons un budget de 28.000 euros pour 14 mois de voyage \u00e0 nous 4, soit une moyenne de 2000 euros\/mois. Ceci est le r\u00e9sultat de plus de 7 ans d&rsquo;\u00e9conomies, accumul\u00e9es (tr\u00e8s) petit \u00e0 petit (et avec \u00e9norm\u00e9ment de joie pour le r\u00eave qu&rsquo;elles permettraient de r\u00e9aliser!). Ce budget comprend les frais de logement (majoritairement du camping, mais parfois aussi autre chose&#8230; comme un vrai lit par exemple), de nourriture (majoritairement des p\u00e2tes, mais parfois aussi autre chose&#8230; comme&#8230; nous verrons ce que nous trouverons en chemin), des r\u00e9parations, des entr\u00e9es dans les parcs naturels, des visites, des petits bobos et autres d\u00e9penses quotidiennes. <\/p>\n\n\n\n<p>A ces 28.000 euros s&rsquo;ajoutent les frais suivants:<\/p>\n\n\n\n<ul><li>1000 euros d&rsquo;assurance voyage pour toute la famille;<\/li><li>2000 euros pour les billets de train, bus et bateau que nous emprunterons \u00e0 plusieurs reprises le long de notre itin\u00e9raire<\/li><\/ul>\n\n\n\n<p>A cela s&rsquo;ajoutent \u00e9galement de nombreux cadeaux d&rsquo;anniversaires, de No\u00ebl, de mariage, de naissances&#8230; que nous avons re\u00e7us en mat\u00e9riel et du mat\u00e9riel que nous avons nous-m\u00eame acquis au fur et \u00e0 mesure des ann\u00e9es (v\u00e9los, charette, tente, fontes, mat\u00e9riel de cuisine, v\u00eatements, sacs de couchage, matelas,&#8230;). <\/p>\n\n\n\n<p>Cela repr\u00e9sente certes, un budget cons\u00e9quent &#8230; mais pour une aventure qui est \u00e0 la port\u00e9e de tous, juste \u00e0 un pas de votre porte d&rsquo;entr\u00e9e. Le budget varie \u00e9videmment en fonction des pays que vous choisissez de traverser (la Scandinavie est particuli\u00e8rement ch\u00e8re), des personnes avec qui vous voyagez (avec des (jeunes) enfants, on est peut-\u00eatre plus \u00ab\u00a0pr\u00e9voyants\u00a0\u00bb et on limite les conditions extr\u00eames), et des choix que vous faites (notamment pour l&rsquo;acquisition de votre mat\u00e9riel). Mais tout cela ne constituera jamais un frein \u00e0 tenter l&rsquo;aventure si vous \u00eates motiv\u00e9.<\/p>\n\n\n\n<p>Notre motivation pour porter et r\u00e9aliser ce projet est certainement notre plus grand moteur, qui nous aide \u00e0 franchir tous les obstacles (qui n&rsquo;ont finalement pas \u00e9t\u00e9 si nombreux&#8230; quoique, le coronavirus en fut un beau ;)) et \u00e0 trouver des r\u00e9ponses \u00e0 toutes les questions qui se posent avant de partir. Ou mieux encore, elle nous suffit amplement lorsque nous n&rsquo;avons pas (encore) de r\u00e9ponses \u00e0 nos questions &#8230; Un exemple des questions rest\u00e9es en suspens jusqu&rsquo;\u00e0 pr\u00e9sent (par ordre d&rsquo;importance, vous l&rsquo;aurez constat\u00e9 ;)):  <\/p>\n\n\n\n<ul><li>\u00ab\u00a0Faut-il prendre un petit pot avec nous pendant le voyage pour notre 2\u00e8me qui n&rsquo;aura pas encore 2 ans et devra apprendre \u00e0 devenir propre pendant le voyage?\u00a0\u00bb;<\/li><li>\u00ab\u00a0On prend quelle taille d&rsquo;habits\/de chaussures pour les petits, sachant qu&rsquo;ils vont beaucoup grandir en 15 mois et qu&rsquo;on n&rsquo;a pas envie d&rsquo;investir dans des bons habits techniques qui soient trop petits apr\u00e8s 6 mois?\u00a0\u00bb;<\/li><li>\u00ab\u00a0Ne va-t-on pas en avoir marre au bout d&rsquo;un moment d&rsquo;\u00eatre 24h\/24 ensemble, nous qui aimons aussi chacun avoir \u00ab\u00a0du temps pour soi\/nous\u00a0\u00bb?\u00a0\u00bb<\/li><\/ul>\n\n\n\n<p>Seul le voyage nous apportera ses r\u00e9ponses, et nous, \u00e7a nous va! <\/p>\n\n\n<p><!--EndFragment--><\/p>","protected":false},"excerpt":{"rendered":"<p>Nous pr\u00e9voyons un budget de 28.000 euros pour 14 mois de voyage \u00e0 nous 4, soit une moyenne de 2000 euros\/mois. Ceci est le r\u00e9sultat de plus de 7 ans d&rsquo;\u00e9conomies, accumul\u00e9es (tr\u00e8s) petit \u00e0 petit (et avec \u00e9norm\u00e9ment de joie pour le r\u00eave qu&rsquo;elles permettraient de r\u00e9aliser!). Ce budget comprend les frais de logement&#8230;<\/p>\n","protected":false},"author":3,"featured_media":0,"parent":0,"menu_order":0,"comment_status":"closed","ping_status":"closed","template":"","meta":{"ngg_post_thumbnail":0,"footnotes":""},"jetpack_sharing_enabled":true,"_links":{"self":[{"href":"https:\/\/caroulepournous.be\/index.php?rest_route=\/wp\/v2\/pages\/427"}],"collection":[{"href":"https:\/\/caroulepournous.be\/index.php?rest_route=\/wp\/v2\/pages"}],"about":[{"href":"https:\/\/caroulepournous.be\/index.php?rest_route=\/wp\/v2\/types\/page"}],"author":[{"embeddable":true,"href":"https:\/\/caroulepournous.be\/index.php?rest_route=\/wp\/v2\/users\/3"}],"replies":[{"embeddable":true,"href":"https:\/\/caroulepournous.be\/index.php?rest_route=%2Fwp%2Fv2%2Fcomments&post=427"}],"version-history":[{"count":15,"href":"https:\/\/caroulepournous.be\/index.php?rest_route=\/wp\/v2\/pages\/427\/revisions"}],"predecessor-version":[{"id":515,"href":"https:\/\/caroulepournous.be\/index.php?rest_route=\/wp\/v2\/pages\/427\/revisions\/515"}],"wp:attachment":[{"href":"https:\/\/caroulepournous.be\/index.php?rest_route=%2Fwp%2Fv2%2Fmedia&parent=427"}],"curies":[{"name":"wp","href":"https:\/\/api.w.org\/{rel}","templated":true}]}}