{"id":73,"date":"2019-10-15T21:29:07","date_gmt":"2019-10-15T19:29:07","guid":{"rendered":"http:\/\/caroulepournous.be\/?page_id=73"},"modified":"2021-02-26T14:53:13","modified_gmt":"2021-02-26T13:53:13","slug":"notre-projet","status":"publish","type":"page","link":"https:\/\/caroulepournous.be\/?page_id=73","title":{"rendered":"Un r\u00eave vieux de 10 ans"},"content":{"rendered":"\n<p>Notre projet est la r\u00e9alisation d&rsquo;un r\u00eave vieux de plus de 10 ans : devenir cyclonomade sur une longue dur\u00e9e.<\/p>\n\n\n\n<p>Cette id\u00e9e et cette envie qui ont germ\u00e9 pendant de si nombreuses ann\u00e9es dans nos t\u00eates ont certainement \u00e9t\u00e9 encourag\u00e9es par les nombreuses conf\u00e9rences sur le sujet suivies avec passion (merci notamment au Kap Exp\u00e9 \u00e0 Louvain-La-Neuve et au festival \u00ab\u00a0En roue libre\u00a0\u00bb \u00e0 Bruxelles), par les r\u00e9cits d&rsquo;amis partis voyager \u00e0 v\u00e9lo sur du long cours (petit clin d&rsquo;\u0153il \u00e0 tous nos amis qui nous ont fait r\u00eaver, Maya, Ga\u00eblle et Thomas, Mag et Math, Ma\u00eblle et Jonathan, Laurie et Basile, la famille Rolin, et encore d&rsquo;autres&#8230;) et par les dizaines de romans d&rsquo;aventure et de carnets de voyages que nous avons d\u00e9vor\u00e9s  (merci notamment au super magazine Carnets d&rsquo;Aventures et \u00e0 tous ceux qui ont pris la plume pour partager leurs aventures).<\/p>\n\n\n\n<p>Il se vivra de la mani\u00e8re la plus simple possible: partir \u00e0 v\u00e9lo depuis notre maison, \u00e0 c\u00f4t\u00e9 de Bruxelles, et avancer au rythme de nos coups de p\u00e9dales, au gr\u00e9 des rencontres, pour passer du temps ensemble, profiter de chaque instant dans chaque journ\u00e9e et (r\u00e9)apprendre \u00e0 vivre mieux avec moins.<\/p>\n\n\n\n<p>Et surtout, il nous fera le plus beau des cadeaux: nous aurons du temps et nous serons libres. <\/p>\n\n\n\n<p>Nous aurons du temps pour d\u00e9couvrir ensemble de nouveaux espaces, \u00e0 c\u00f4t\u00e9 de chez nous, pour rencontrer les personnes et les lieux inspirants et en transition qui seront sur notre route, pour nous faire du bien (en m\u00e9ditant, en chantant, en lisant, en jouant dehors et en red\u00e9couvrant ce que c&rsquo;est que de vivre plus en harmonie avec la nature), pour \u00eatre pleinement l\u00e0, ici et maintenant, sans \u00eatre pris dans ce rythme effr\u00e9n\u00e9 que nous avons connu, comme beaucoup d&rsquo;entre nous, ces derni\u00e8res ann\u00e9es.<\/p>\n\n\n\n<p>Nous serons libres de choisir notre itin\u00e9raire et nos horaires, bien s\u00fbr. Mais nous aurons surtout de l&rsquo;espace pour d\u00e9couvrir notre libert\u00e9 int\u00e9rieure. Pour \u00eatre heureux. Pour avoir confiance en nous. Pour nous d\u00e9couvrir r\u00e9ellement. Quel chantier passionnant ce voyage nous permettra-t-il d&rsquo;entreprendre. Tous les 4. Ensemble. <\/p>\n\n\n\n<p>Pour illustrer avec d&rsquo;autres mots ce qui nous ressentons lorsque nous voyageons \u00e0 v\u00e9lo, nous vous partageons deux petits extraits du livre \u00ab\u00a0LE TAO DU VELO, <em>Petites m\u00e9ditations cyclop\u00e9diques<\/em>\u00a0\u00bb de Julien Leblay :<\/p>\n\n\n\n<blockquote class=\"wp-block-quote\"><p>\u201c <em style=\"font-size: inherit;\">Il n&rsquo;est pas question de kilom\u00e8tres mais bien de mode de vie: le choix du nomadisme, r\u00e9duit au minimum. Qu&rsquo;ils voyagent seuls, en couple ou entre amis, tous partagent le m\u00eame id\u00e9al, la volont\u00e9 de rompre avec la soci\u00e9t\u00e9 sans toutefois \u00eatre subversif, le d\u00e9sir de voyager diff\u00e9remment, <\/em>by fair means<em style=\"font-size: inherit;\">, lentement, pour prendre le temps de d\u00e9couvrir et de profiter de ce que Ga\u00efa nous offre chaque jour. Beaucoup ont une propension \u00e0 la solitude, et l&rsquo;humanit\u00e9 en dilection<\/em><span style=\"font-size: inherit;\">. \u201d<\/span><\/p><\/blockquote>\n\n\n\n<blockquote class=\"wp-block-quote\"><p> \u201c <em>Son voyage est rythm\u00e9 par le cycle naturel. La caresse du soleil qui baigne la tente le r\u00e9veille; son intensit\u00e9 le renseigne sur la m\u00e9t\u00e9o. Lorsque l&rsquo;astre s&rsquo;appr\u00eate \u00e0 dispara\u00eetre derri\u00e8re les montagnes en nimbant leur contour d&rsquo;un halo, le cyclovoyageur se glisse sous son abri de toile. (&#8230;) Il r\u00eave de pentes douces, de pluie fra\u00eeche ou de soleil, de rencontres et de sourires. Il ne vit plus \u00e0 la cadence des horaires impos\u00e9s par la soci\u00e9t\u00e9 mais au rythme du soleil et des saisons. L&rsquo;heure, le jour et les mois disparaissent de sa vie, le temps lui appartient, il devient un homme libre. (&#8230;) Le temps est aboli; seul l&rsquo;espace compte.<\/em> \u201d <\/p><\/blockquote>\n","protected":false},"excerpt":{"rendered":"<p>Notre projet est la r\u00e9alisation d&rsquo;un r\u00eave vieux de plus de 10 ans : devenir cyclonomade sur une longue dur\u00e9e. Cette id\u00e9e et cette envie qui ont germ\u00e9 pendant de si nombreuses ann\u00e9es dans nos t\u00eates ont certainement \u00e9t\u00e9 encourag\u00e9es par les nombreuses conf\u00e9rences sur le sujet suivies avec passion (merci notamment au Kap Exp\u00e9&#8230;<\/p>\n","protected":false},"author":2,"featured_media":0,"parent":0,"menu_order":0,"comment_status":"closed","ping_status":"closed","template":"","meta":{"ngg_post_thumbnail":0,"footnotes":""},"jetpack_sharing_enabled":true,"_links":{"self":[{"href":"https:\/\/caroulepournous.be\/index.php?rest_route=\/wp\/v2\/pages\/73"}],"collection":[{"href":"https:\/\/caroulepournous.be\/index.php?rest_route=\/wp\/v2\/pages"}],"about":[{"href":"https:\/\/caroulepournous.be\/index.php?rest_route=\/wp\/v2\/types\/page"}],"author":[{"embeddable":true,"href":"https:\/\/caroulepournous.be\/index.php?rest_route=\/wp\/v2\/users\/2"}],"replies":[{"embeddable":true,"href":"https:\/\/caroulepournous.be\/index.php?rest_route=%2Fwp%2Fv2%2Fcomments&post=73"}],"version-history":[{"count":30,"href":"https:\/\/caroulepournous.be\/index.php?rest_route=\/wp\/v2\/pages\/73\/revisions"}],"predecessor-version":[{"id":1636,"href":"https:\/\/caroulepournous.be\/index.php?rest_route=\/wp\/v2\/pages\/73\/revisions\/1636"}],"wp:attachment":[{"href":"https:\/\/caroulepournous.be\/index.php?rest_route=%2Fwp%2Fv2%2Fmedia&parent=73"}],"curies":[{"name":"wp","href":"https:\/\/api.w.org\/{rel}","templated":true}]}}