{"id":75,"date":"2019-10-15T21:30:51","date_gmt":"2019-10-15T19:30:51","guid":{"rendered":"http:\/\/caroulepournous.be\/?page_id=75"},"modified":"2021-02-26T14:26:25","modified_gmt":"2021-02-26T13:26:25","slug":"litineraire","status":"publish","type":"page","link":"https:\/\/caroulepournous.be\/?page_id=75","title":{"rendered":"L&rsquo;itin\u00e9raire"},"content":{"rendered":"\n<p>Dans la vie, il est toujours des moments o\u00f9 l&rsquo;impr\u00e9vu surgit et nous laisse devant un choix: lutter pour maintenir les plans initialement pr\u00e9vus (ce qui peut faire perdre beaucoup d&rsquo;\u00e9nergie, et provoquer de la col\u00e8re, de la d\u00e9ception ou de la tristesse en nous), ou se laisser aller, au gr\u00e9 du vent, en ayant confiance, vers de nouveaux horizons. La crise sanitaire qui a touch\u00e9 le monde entier n&rsquo;a pas \u00e9pargn\u00e9 la Belgique, nous plongeant dans un confinement in\u00e9dit dans nos jeunes vies. Nous n&rsquo;avons donc pas pu prendre le d\u00e9part comme initialement pr\u00e9vu le 1er mai dernier. Alors, nous avons \u00ab\u00a0profit\u00e9\u00a0\u00bb du moment pr\u00e9sent, chez nous \u00e0 la maison, et commenc\u00e9 un \u00ab\u00a0pr\u00e9-voyage\u00a0\u00bb \u00e0 nous quatre, 24h\/24 (avec le boulot des parents en plus ;-)). Cela n&rsquo;a pas tous les jours \u00e9t\u00e9 facile, mais certainement source d&rsquo;\u00e9norm\u00e9ment de moments de bonheur. Finalement, plus que jamais, nous nous sommes rendus compte que la destination de notre voyage importait peu et que ce qui nous faisait vibrer, c&rsquo;\u00e9tait d&rsquo;avoir du temps pour \u00eatre proche de la nature, ensemble, et que l&rsquo;aventure pouvait d\u00e9j\u00e0 commencer dans notre propre jardin. Tout est une question d&rsquo;\u00e9tat d&rsquo;esprit et de (re)connexion \u00e0 soi-m\u00eame, et aux autres vivants :-).<\/p>\n\n\n\n<p>Nous esp\u00e9rons \u00e0 pr\u00e9sent pouvoir partir de chez nous, pr\u00e8s de Bruxelles, le 1er juillet 2020 pour une premi\u00e8re partie de voyage de 3 mois \u00e0 travers la Belgique. Nous sillonnerons la Belgique d&rsquo;Ouest en Est et du Sud au Nord, \u00e0 la recherche de sens justement. En allant d\u00e9couvrir des projets en transition (port\u00e9s sur l&rsquo;alimentation, la permaculture, l&rsquo;\u00e9ducation, l&rsquo;\u00e9nergie, les habitats group\u00e9s\/solidaires\/interg\u00e9n\u00e9rationnels, &#8230;), nous souhaitons encore d&rsquo;avantage rejoindre le magnifique mouvement de la transition qui est en marche partout dans le monde, y compris en Belgique. En allant \u00e0 la rencontre de ces lieux inspirants, nous esp\u00e9rons pouvoir observer, apprendre, aider et \u00e9changer, afin de consolider notre besoin profond d&rsquo;op\u00e9rer un vrai changement de mode de vie \u00e0 notre retour. Cette premi\u00e8re partie de voyage en Belgique sera \u00e9galement l&rsquo;occasion de d\u00e9couvrir de nombreux endroits que nous ne connaissons pas encore et de revoir, le c\u0153ur rempli de joie, nos amis et nos familles en chemin. <\/p>\n\n\n\n<p>A l&rsquo;automne, nous irons probablement nous installer quelques temps dans une magnifique petite maison familiale dans les Ardennes belges, pour vivre l&rsquo;exp\u00e9rience d&rsquo;une vie \u00e0 la campagne \u00e0 laquelle nous r\u00eavons de plus en plus. Ce sera l&rsquo;occasion de suivre l&rsquo;une ou l&rsquo;autre formation (en permaculture, d&rsquo;instructrice de pleine conscience pour les enfants,&#8230;) qui nous int\u00e9resse et de, pourquoi pas, construire une tiny-house ;-). Enfin, en d\u00e9cembre, nous esp\u00e9rons pouvoir aller dans le Jura vivre un mois \u00e0 la montagne et \u00e0 la neige (croisons les doigts) chez la grand-m\u00e8re de Valentine.<\/p>\n\n\n\n<p>D\u00e9but janvier 2021, nous pr\u00e9voyons de prendre le train depuis le Jura jusqu&rsquo;au Sud de l&rsquo;Espagne pour d\u00e9marrer une seconde partie de voyage \u00e0 v\u00e9lo de 8 mois. Apr\u00e8s 4 mois \u00e0 p\u00e9daler dans la p\u00e9ninsule ib\u00e9rique, durant lesquels nous esp\u00e9rons \u00e9galement nous arr\u00eater dans quelques \u00e9covillages et projets en transition, nous remonterons en train jusqu&rsquo;au nord des Pays-Bas pour 4 mois de voyage en Scandinavie (et oui, les impr\u00e9vus nous poussent aussi \u00e0 \u00eatre inventifs pour combiner les bonnes saisons pour rouler avec les pays que nous r\u00eavions de d\u00e9couvrir \u00e0 v\u00e9lo&#8230;.).  Nous traverserons ainsi le Danemark et la Norv\u00e8ge o\u00f9 nous irons fr\u00f4ler l\u2019extr\u00e9mit\u00e9 Nord du continent europ\u00e9en, avant de redescendre par la Finlande et le sud de la Su\u00e8de au mois d&rsquo;ao\u00fbt 2021. Avant de rentrer chez nous en train pour le mois de septembre. <\/p>\n\n\n\n<p> <\/p>\n\n\n\n<iframe loading=\"lazy\" width=\"100%\" height=\"600px\" frameborder=\"0\" allowfullscreen=\"\" src=\"\/\/umap.openstreetmap.fr\/en\/map\/ca-roule-pour-nous-v2_472450?scaleControl=false&amp;miniMap=false&amp;scrollWheelZoom=false&amp;zoomControl=true&amp;allowEdit=false&amp;moreControl=false&amp;searchControl=null&amp;tilelayersControl=null&amp;embedControl=null&amp;datalayersControl=null&amp;onLoadPanel=undefined&amp;captionBar=false&amp;datalayers=1324586%2C1324587%2C1324588\"><\/iframe>\n","protected":false},"excerpt":{"rendered":"<p>Dans la vie, il est toujours des moments o\u00f9 l&rsquo;impr\u00e9vu surgit et nous laisse devant un choix: lutter pour maintenir les plans initialement pr\u00e9vus (ce qui peut faire perdre beaucoup d&rsquo;\u00e9nergie, et provoquer de la col\u00e8re, de la d\u00e9ception ou de la tristesse en nous), ou se laisser aller, au gr\u00e9 du vent, en ayant&#8230;<\/p>\n","protected":false},"author":1,"featured_media":0,"parent":0,"menu_order":0,"comment_status":"closed","ping_status":"closed","template":"","meta":{"ngg_post_thumbnail":0,"footnotes":""},"jetpack_sharing_enabled":true,"_links":{"self":[{"href":"https:\/\/caroulepournous.be\/index.php?rest_route=\/wp\/v2\/pages\/75"}],"collection":[{"href":"https:\/\/caroulepournous.be\/index.php?rest_route=\/wp\/v2\/pages"}],"about":[{"href":"https:\/\/caroulepournous.be\/index.php?rest_route=\/wp\/v2\/types\/page"}],"author":[{"embeddable":true,"href":"https:\/\/caroulepournous.be\/index.php?rest_route=\/wp\/v2\/users\/1"}],"replies":[{"embeddable":true,"href":"https:\/\/caroulepournous.be\/index.php?rest_route=%2Fwp%2Fv2%2Fcomments&post=75"}],"version-history":[{"count":47,"href":"https:\/\/caroulepournous.be\/index.php?rest_route=\/wp\/v2\/pages\/75\/revisions"}],"predecessor-version":[{"id":1631,"href":"https:\/\/caroulepournous.be\/index.php?rest_route=\/wp\/v2\/pages\/75\/revisions\/1631"}],"wp:attachment":[{"href":"https:\/\/caroulepournous.be\/index.php?rest_route=%2Fwp%2Fv2%2Fmedia&parent=75"}],"curies":[{"name":"wp","href":"https:\/\/api.w.org\/{rel}","templated":true}]}}